{"id":7,"date":"2026-03-02T10:50:52","date_gmt":"2026-03-02T10:50:52","guid":{"rendered":"https:\/\/yalcinlarteknikservis.com\/?page_id=7"},"modified":"2026-03-02T22:54:44","modified_gmt":"2026-03-02T22:54:44","slug":"ana-sayfa","status":"publish","type":"page","link":"https:\/\/yalcinlarteknikservis.com\/","title":{"rendered":"Ana sayfa"},"content":{"rendered":"\n<div class=\"wp-block-cover alignfull\" style=\"min-height:800px;aspect-ratio:unset;\"><img decoding=\"async\" class=\"wp-block-cover__image-background\" alt=\"\" src=\"https:\/\/yalcinlarteknikservis.com\/wp-content\/themes\/neve\/assets\/img\/starter-content\/neve-hero-2.png\" style=\"object-position:50% 72%\" data-object-fit=\"cover\" data-object-position=\"50% 72%\"\/><span aria-hidden=\"true\" class=\"wp-block-cover__background has-background-dim-0 has-background-dim\"><\/span><div class=\"wp-block-cover__inner-container is-layout-flow wp-block-cover-is-layout-flow\">\n<div class=\"wp-block-columns are-vertically-aligned-center is-layout-flex wp-container-core-columns-is-layout-9d6595d7 wp-block-columns-is-layout-flex\">\n<div class=\"wp-block-column is-vertically-aligned-center is-layout-flow wp-block-column-is-layout-flow\" style=\"padding-right:var(--wp--preset--spacing--20);padding-left:var(--wp--preset--spacing--20);flex-basis:65%\">\n<div style=\"height:80px\" aria-hidden=\"true\" class=\"wp-block-spacer\"><\/div>\n\n\n\n<h1 class=\"wp-block-heading has-text-align-left has-nv-text-dark-bg-color has-text-color\">Beyaz E\u015fya Ar\u0131zalar\u0131nda H\u0131zl\u0131 Teknik Servis<\/h1>\n\n\n\n<p class=\"has-text-align-left has-nv-text-dark-bg-color has-text-color\" style=\"font-size:17px\">Yal\u00e7\u0131nlar Teknik Servis olarak \u00c7erkezk\u00f6y, Kapakl\u0131, \u00c7orlu ve Ergene\u2019de beyaz e\u015fya tamir ve tadilat hizmeti sunuyoruz. \u00c7ama\u015f\u0131r makinesi, bula\u015f\u0131k makinesi ve buzdolab\u0131 ar\u0131zalar\u0131nda h\u0131zl\u0131 servis deste\u011fi sa\u011fl\u0131yoruz.<\/p>\n\n\n\n<div class=\"wp-block-buttons is-horizontal is-content-justification-left is-layout-flex wp-container-core-buttons-is-layout-7e5fce0a wp-block-buttons-is-layout-flex\">\n<div class=\"wp-block-button is-style-primary\"><a class=\"wp-block-button__link has-text-color has-background has-link-color wp-element-button\" href=\"tel:0545 234 75 93\" style=\"color:#0a2279;background-color:#ffffff\">Hemen Ara<\/a><\/div>\n\n\n\n<div class=\"wp-block-button is-style-secondary\"><a class=\"wp-block-button__link has-nv-text-dark-bg-color has-text-color has-link-color wp-element-button\" href=\"https:\/\/wa.me\/905452347593\">whatsapp<\/a><\/div>\n<\/div>\n\n\n\n<div style=\"height:100px\" aria-hidden=\"true\" class=\"wp-block-spacer\"><\/div>\n<\/div>\n\n\n\n<div class=\"wp-block-column is-vertically-aligned-center is-layout-flow wp-block-column-is-layout-flow\">\n<figure class=\"wp-block-image size-full\"><img loading=\"lazy\" decoding=\"async\" width=\"1536\" height=\"1024\" src=\"https:\/\/yalcinlarteknikservis.com\/wp-content\/uploads\/2026\/03\/yalcinlarteknikservis-1.png\" alt=\"\" class=\"wp-image-51\" srcset=\"https:\/\/yalcinlarteknikservis.com\/wp-content\/uploads\/2026\/03\/yalcinlarteknikservis-1.png 1536w, https:\/\/yalcinlarteknikservis.com\/wp-content\/uploads\/2026\/03\/yalcinlarteknikservis-1-300x200.png 300w, https:\/\/yalcinlarteknikservis.com\/wp-content\/uploads\/2026\/03\/yalcinlarteknikservis-1-1024x683.png 1024w, https:\/\/yalcinlarteknikservis.com\/wp-content\/uploads\/2026\/03\/yalcinlarteknikservis-1-768x512.png 768w, https:\/\/yalcinlarteknikservis.com\/wp-content\/uploads\/2026\/03\/yalcinlarteknikservis-1-930x620.png 930w\" sizes=\"auto, (max-width: 1536px) 100vw, 1536px\" \/><\/figure>\n<\/div>\n<\/div>\n<\/div><\/div>\n\n\n\n<div style=\"height:40px\" aria-hidden=\"true\" class=\"wp-block-spacer\"><\/div>\n\n\n\n<div class=\"wp-block-columns is-layout-flex wp-container-core-columns-is-layout-9d6595d7 wp-block-columns-is-layout-flex\">\n<div class=\"wp-block-column neve-duotone is-layout-flow wp-block-column-is-layout-flow\" style=\"padding-right:var(--wp--preset--spacing--30);padding-left:var(--wp--preset--spacing--30)\">\n<figure class=\"wp-block-gallery aligncenter has-nested-images columns-default is-cropped wp-block-gallery-2 is-layout-flex wp-block-gallery-is-layout-flex\">\n<figure class=\"wp-block-image size-full has-custom-border icon-style is-style-default wp-duotone-unset-1\"><a href=\"https:\/\/yalcinlarteknikservis.com\/index.php\/contact\/\"><img loading=\"lazy\" decoding=\"async\" width=\"1024\" height=\"1024\" data-id=\"34\" src=\"https:\/\/yalcinlarteknikservis.com\/wp-content\/uploads\/2026\/03\/yalcinlar-servis-logo.png\" alt=\"\" class=\"wp-image-34\" style=\"border-radius:0px\" title=\"\" srcset=\"https:\/\/yalcinlarteknikservis.com\/wp-content\/uploads\/2026\/03\/yalcinlar-servis-logo.png 1024w, https:\/\/yalcinlarteknikservis.com\/wp-content\/uploads\/2026\/03\/yalcinlar-servis-logo-300x300.png 300w, https:\/\/yalcinlarteknikservis.com\/wp-content\/uploads\/2026\/03\/yalcinlar-servis-logo-150x150.png 150w, https:\/\/yalcinlarteknikservis.com\/wp-content\/uploads\/2026\/03\/yalcinlar-servis-logo-768x768.png 768w\" sizes=\"auto, (max-width: 1024px) 100vw, 1024px\" \/><\/a><\/figure>\n<\/figure>\n\n\n\n<div style=\"height:16px\" aria-hidden=\"true\" class=\"wp-block-spacer\"><\/div>\n\n\n\n<h3 class=\"wp-block-heading has-text-align-center has-neve-text-color-color has-text-color\">\u00c7ama\u015f\u0131r Makinesi Tamiri<\/h3>\n\n\n\n<p class=\"has-text-align-center\">Ar\u0131za tespiti, onar\u0131m ve bak\u0131m hizmeti.<\/p>\n\n\n\n<div style=\"height:20px\" aria-hidden=\"true\" class=\"wp-block-spacer\"><\/div>\n<\/div>\n\n\n\n<div class=\"wp-block-column is-layout-flow wp-block-column-is-layout-flow\" style=\"padding-right:var(--wp--preset--spacing--30);padding-left:var(--wp--preset--spacing--30)\"><div class=\"wp-block-image icon-style is-style-default\">\n<figure class=\"aligncenter size-full has-custom-border\"><a href=\"https:\/\/yalcinlarteknikservis.com\/index.php\/contact\/\"><img loading=\"lazy\" decoding=\"async\" width=\"1024\" height=\"1024\" src=\"https:\/\/yalcinlarteknikservis.com\/wp-content\/uploads\/2026\/03\/yalcinlar-servis-logo.png\" alt=\"\" class=\"wp-image-34\" style=\"border-radius:0px\" title=\"\" srcset=\"https:\/\/yalcinlarteknikservis.com\/wp-content\/uploads\/2026\/03\/yalcinlar-servis-logo.png 1024w, https:\/\/yalcinlarteknikservis.com\/wp-content\/uploads\/2026\/03\/yalcinlar-servis-logo-300x300.png 300w, https:\/\/yalcinlarteknikservis.com\/wp-content\/uploads\/2026\/03\/yalcinlar-servis-logo-150x150.png 150w, https:\/\/yalcinlarteknikservis.com\/wp-content\/uploads\/2026\/03\/yalcinlar-servis-logo-768x768.png 768w\" sizes=\"auto, (max-width: 1024px) 100vw, 1024px\" \/><\/a><\/figure>\n<\/div>\n\n\n<div style=\"height:16px\" aria-hidden=\"true\" class=\"wp-block-spacer\"><\/div>\n\n\n\n<h3 class=\"wp-block-heading has-text-align-center has-neve-text-color-color has-text-color\">Bula\u015f\u0131k Makinesi Tamiri<\/h3>\n\n\n\n<p class=\"has-text-align-center\">Su almama, y\u0131kamama, kurutmama ar\u0131zalar\u0131. vb<\/p>\n\n\n\n<div style=\"height:20px\" aria-hidden=\"true\" class=\"wp-block-spacer\"><\/div>\n<\/div>\n\n\n\n<div class=\"wp-block-column is-layout-flow wp-block-column-is-layout-flow\" style=\"padding-right:var(--wp--preset--spacing--30);padding-left:var(--wp--preset--spacing--30)\"><div class=\"wp-block-image icon-style is-style-default wp-duotone-unset-3\">\n<figure class=\"aligncenter size-full has-custom-border\"><a href=\"https:\/\/yalcinlarteknikservis.com\/index.php\/contact\/\"><img loading=\"lazy\" decoding=\"async\" width=\"1024\" height=\"1024\" src=\"https:\/\/yalcinlarteknikservis.com\/wp-content\/uploads\/2026\/03\/yalcinlar-servis-logo.png\" alt=\"\" class=\"wp-image-34\" style=\"border-radius:0px\" title=\"\" srcset=\"https:\/\/yalcinlarteknikservis.com\/wp-content\/uploads\/2026\/03\/yalcinlar-servis-logo.png 1024w, https:\/\/yalcinlarteknikservis.com\/wp-content\/uploads\/2026\/03\/yalcinlar-servis-logo-300x300.png 300w, https:\/\/yalcinlarteknikservis.com\/wp-content\/uploads\/2026\/03\/yalcinlar-servis-logo-150x150.png 150w, https:\/\/yalcinlarteknikservis.com\/wp-content\/uploads\/2026\/03\/yalcinlar-servis-logo-768x768.png 768w\" sizes=\"auto, (max-width: 1024px) 100vw, 1024px\" \/><\/a><\/figure>\n<\/div>\n\n\n<div style=\"height:16px\" aria-hidden=\"true\" class=\"wp-block-spacer\"><\/div>\n\n\n\n<h3 class=\"wp-block-heading has-text-align-center has-neve-text-color-color has-text-color\">Buzdolab\u0131 Tamiri<\/h3>\n\n\n\n<p class=\"has-text-align-center\">So\u011futmama, motor ve kart ar\u0131zalar\u0131. vb.<\/p>\n\n\n\n<div style=\"height:20px\" aria-hidden=\"true\" class=\"wp-block-spacer\"><\/div>\n<\/div>\n\n\n\n<div class=\"wp-block-column is-layout-flow wp-block-column-is-layout-flow\" style=\"padding-right:var(--wp--preset--spacing--30);padding-left:var(--wp--preset--spacing--30)\"><div class=\"wp-block-image icon-style is-style-default wp-duotone-unset-4\">\n<figure class=\"aligncenter size-full has-custom-border\"><a href=\"https:\/\/yalcinlarteknikservis.com\/index.php\/contact\/\"><img loading=\"lazy\" decoding=\"async\" width=\"1024\" height=\"1024\" src=\"https:\/\/yalcinlarteknikservis.com\/wp-content\/uploads\/2026\/03\/yalcinlar-servis-logo.png\" alt=\"\" class=\"wp-image-34\" style=\"border-radius:0px\" title=\"\" srcset=\"https:\/\/yalcinlarteknikservis.com\/wp-content\/uploads\/2026\/03\/yalcinlar-servis-logo.png 1024w, https:\/\/yalcinlarteknikservis.com\/wp-content\/uploads\/2026\/03\/yalcinlar-servis-logo-300x300.png 300w, https:\/\/yalcinlarteknikservis.com\/wp-content\/uploads\/2026\/03\/yalcinlar-servis-logo-150x150.png 150w, https:\/\/yalcinlarteknikservis.com\/wp-content\/uploads\/2026\/03\/yalcinlar-servis-logo-768x768.png 768w\" sizes=\"auto, (max-width: 1024px) 100vw, 1024px\" \/><\/a><\/figure>\n<\/div>\n\n\n<div style=\"height:16px\" aria-hidden=\"true\" class=\"wp-block-spacer\"><\/div>\n\n\n\n<h3 class=\"wp-block-heading has-text-align-center has-neve-text-color-color has-text-color\">Bak\u0131m ve Tadilat<br><\/h3>\n\n\n\n<p class=\"has-text-align-center\">Periyodik bak\u0131m ve par\u00e7a de\u011fi\u015fimi.<br><\/p>\n\n\n\n<div style=\"height:20px\" aria-hidden=\"true\" class=\"wp-block-spacer\"><\/div>\n<\/div>\n<\/div>\n\n\n\n<p><\/p>\n","protected":false},"excerpt":{"rendered":"<p>\u00c7ama\u015f\u0131r Makinesi Tamiri Ar\u0131za tespiti, onar\u0131m ve bak\u0131m hizmeti. Bula\u015f\u0131k Makinesi Tamiri Su almama, y\u0131kamama, kurutmama ar\u0131zalar\u0131. vb Buzdolab\u0131 Tamiri So\u011futmama, motor ve kart ar\u0131zalar\u0131. vb. Bak\u0131m ve Tadilat Periyodik bak\u0131m ve par\u00e7a de\u011fi\u015fimi.<\/p>\n","protected":false},"author":1,"featured_media":0,"parent":0,"menu_order":0,"comment_status":"closed","ping_status":"closed","template":"","meta":{"neve_meta_sidebar":"","neve_meta_container":"","neve_meta_enable_content_width":"on","neve_meta_content_width":100,"neve_meta_title_alignment":"","neve_meta_author_avatar":"","neve_post_elements_order":"","neve_meta_disable_header":"","neve_meta_disable_footer":"","neve_meta_disable_title":"on","footnotes":""},"class_list":["post-7","page","type-page","status-publish","hentry"],"_links":{"self":[{"href":"https:\/\/yalcinlarteknikservis.com\/index.php\/wp-json\/wp\/v2\/pages\/7","targetHints":{"allow":["GET"]}}],"collection":[{"href":"https:\/\/yalcinlarteknikservis.com\/index.php\/wp-json\/wp\/v2\/pages"}],"about":[{"href":"https:\/\/yalcinlarteknikservis.com\/index.php\/wp-json\/wp\/v2\/types\/page"}],"author":[{"embeddable":true,"href":"https:\/\/yalcinlarteknikservis.com\/index.php\/wp-json\/wp\/v2\/users\/1"}],"replies":[{"embeddable":true,"href":"https:\/\/yalcinlarteknikservis.com\/index.php\/wp-json\/wp\/v2\/comments?post=7"}],"version-history":[{"count":7,"href":"https:\/\/yalcinlarteknikservis.com\/index.php\/wp-json\/wp\/v2\/pages\/7\/revisions"}],"predecessor-version":[{"id":78,"href":"https:\/\/yalcinlarteknikservis.com\/index.php\/wp-json\/wp\/v2\/pages\/7\/revisions\/78"}],"wp:attachment":[{"href":"https:\/\/yalcinlarteknikservis.com\/index.php\/wp-json\/wp\/v2\/media?parent=7"}],"curies":[{"name":"wp","href":"https:\/\/api.w.org\/{rel}","templated":true}]}}